{"id":70,"date":"2023-01-31T14:20:28","date_gmt":"2023-01-31T17:20:28","guid":{"rendered":"https:\/\/tarahumaras.praxis.pro.br\/?page_id=70"},"modified":"2023-02-01T10:47:51","modified_gmt":"2023-02-01T13:47:51","slug":"a-questao-se-coloca-de-1996","status":"publish","type":"page","link":"https:\/\/tarahumaras.praxis.pro.br\/index.php\/a-questao-se-coloca-de-1996\/","title":{"rendered":"A QUEST\u00c3O SE COLOCA DE&#8230; (1996)"},"content":{"rendered":"<p style=\"font-weight: 400;\"><strong>Roteiro e Encena\u00e7\u00e3o: <span style=\"font-size: 12pt;\"><a href=\"https:\/\/wilsoncoelho.praxis.pro.br\/\">Wilson Co\u00ealho<\/a><\/span>.<\/strong><\/p>\n<p style=\"font-weight: 400;\"><strong>Sinopse:\u00a0<\/strong>O tema do espet\u00e1culo aborda a estadia de Antonin Artaud (1896-1948), num manic\u00f4mio, onde passa por um interrogat\u00f3rio e uma sess\u00e3o de torturas. Uma mescla do ator, do poeta e de Artaud \u201co Momo\u201d, com fragmentos de textos do \u201cPara acabar com o julgamento de deus\u201d.<\/p>\n<p><img data-recalc-dims=\"1\" loading=\"lazy\" decoding=\"async\" class=\"alignnone size-full wp-image-71\" src=\"https:\/\/i0.wp.com\/tarahumaras.praxis.pro.br\/wp-content\/uploads\/2023\/01\/Artaud-Agulha.jpg?resize=320%2C320&#038;ssl=1\" alt=\"\" width=\"320\" height=\"320\" srcset=\"https:\/\/i0.wp.com\/tarahumaras.praxis.pro.br\/wp-content\/uploads\/2023\/01\/Artaud-Agulha.jpg?w=320&amp;ssl=1 320w, https:\/\/i0.wp.com\/tarahumaras.praxis.pro.br\/wp-content\/uploads\/2023\/01\/Artaud-Agulha.jpg?resize=300%2C300&amp;ssl=1 300w, https:\/\/i0.wp.com\/tarahumaras.praxis.pro.br\/wp-content\/uploads\/2023\/01\/Artaud-Agulha.jpg?resize=150%2C150&amp;ssl=1 150w, https:\/\/i0.wp.com\/tarahumaras.praxis.pro.br\/wp-content\/uploads\/2023\/01\/Artaud-Agulha.jpg?resize=200%2C200&amp;ssl=1 200w, https:\/\/i0.wp.com\/tarahumaras.praxis.pro.br\/wp-content\/uploads\/2023\/01\/Artaud-Agulha.jpg?resize=100%2C100&amp;ssl=1 100w, https:\/\/i0.wp.com\/tarahumaras.praxis.pro.br\/wp-content\/uploads\/2023\/01\/Artaud-Agulha.jpg?resize=40%2C40&amp;ssl=1 40w\" sizes=\"auto, (max-width: 320px) 100vw, 320px\" \/><\/p>\n","protected":false},"excerpt":{"rendered":"<p>Roteiro e Encena\u00e7\u00e3o: Wilson Co\u00ealho. Sinopse:\u00a0O tema do espet\u00e1culo aborda a estadia de Antonin Artaud (1896-1948), num manic\u00f4mio, onde passa por um interrogat\u00f3rio e uma sess\u00e3o de torturas. Uma mescla do ator, do poeta e de Artaud \u201co Momo\u201d, com fragmentos de textos do \u201cPara acabar com o julgamento de deus\u201d.<\/p>\n","protected":false},"author":1,"featured_media":0,"parent":0,"menu_order":0,"comment_status":"closed","ping_status":"closed","template":"","meta":{"footnotes":""},"class_list":["post-70","page","type-page","status-publish","hentry"],"jetpack_sharing_enabled":true,"_links":{"self":[{"href":"https:\/\/tarahumaras.praxis.pro.br\/index.php\/wp-json\/wp\/v2\/pages\/70","targetHints":{"allow":["GET"]}}],"collection":[{"href":"https:\/\/tarahumaras.praxis.pro.br\/index.php\/wp-json\/wp\/v2\/pages"}],"about":[{"href":"https:\/\/tarahumaras.praxis.pro.br\/index.php\/wp-json\/wp\/v2\/types\/page"}],"author":[{"embeddable":true,"href":"https:\/\/tarahumaras.praxis.pro.br\/index.php\/wp-json\/wp\/v2\/users\/1"}],"replies":[{"embeddable":true,"href":"https:\/\/tarahumaras.praxis.pro.br\/index.php\/wp-json\/wp\/v2\/comments?post=70"}],"version-history":[{"count":2,"href":"https:\/\/tarahumaras.praxis.pro.br\/index.php\/wp-json\/wp\/v2\/pages\/70\/revisions"}],"predecessor-version":[{"id":278,"href":"https:\/\/tarahumaras.praxis.pro.br\/index.php\/wp-json\/wp\/v2\/pages\/70\/revisions\/278"}],"wp:attachment":[{"href":"https:\/\/tarahumaras.praxis.pro.br\/index.php\/wp-json\/wp\/v2\/media?parent=70"}],"curies":[{"name":"wp","href":"https:\/\/api.w.org\/{rel}","templated":true}]}}