{"id":42,"date":"2023-01-31T10:38:16","date_gmt":"2023-01-31T13:38:16","guid":{"rendered":"https:\/\/tarahumaras.praxis.pro.br\/?page_id=42"},"modified":"2023-02-01T10:49:07","modified_gmt":"2023-02-01T13:49:07","slug":"a-tocha-olimpica-1990","status":"publish","type":"page","link":"https:\/\/tarahumaras.praxis.pro.br\/index.php\/a-tocha-olimpica-1990\/","title":{"rendered":"A TOCHA OL\u00cdMPICA (1990)"},"content":{"rendered":"<h2><span style=\"font-size: 12pt;\">Texto e Encena\u00e7\u00e3o: <strong><a href=\"https:\/\/wilsoncoelho.praxis.pro.br\/\">Wilson Co\u00ealho<\/a>.<\/strong><\/span><\/h2>\n<p><strong>Sinopse:\u00a0<\/strong>Cr\u00edtica ao comportamento competitivo de uma sociedade capitalista, tendo como pano de fundo a mentalidade dominante embasada na f\u00e9 crist\u00e3 imposta pelos colonizadores. Mostra o homem putrefato e deformado pelo h\u00e1bito adquirido na sociedade, onde o sujeito tem por princ\u00edpio \u201cvencer na vida\u201d a qualquer custo como se a \u00fanica possibilidade de sobreviv\u00eancia.<\/p>\n<p><img data-recalc-dims=\"1\" loading=\"lazy\" decoding=\"async\" class=\"alignnone size-large wp-image-43\" src=\"https:\/\/i0.wp.com\/tarahumaras.praxis.pro.br\/wp-content\/uploads\/2023\/01\/Tocha-Olimpica.jpg?resize=780%2C519&#038;ssl=1\" alt=\"\" width=\"780\" height=\"519\" srcset=\"https:\/\/i0.wp.com\/tarahumaras.praxis.pro.br\/wp-content\/uploads\/2023\/01\/Tocha-Olimpica-scaled.jpg?resize=1024%2C682&amp;ssl=1 1024w, https:\/\/i0.wp.com\/tarahumaras.praxis.pro.br\/wp-content\/uploads\/2023\/01\/Tocha-Olimpica-scaled.jpg?resize=300%2C200&amp;ssl=1 300w, https:\/\/i0.wp.com\/tarahumaras.praxis.pro.br\/wp-content\/uploads\/2023\/01\/Tocha-Olimpica-scaled.jpg?resize=768%2C512&amp;ssl=1 768w, https:\/\/i0.wp.com\/tarahumaras.praxis.pro.br\/wp-content\/uploads\/2023\/01\/Tocha-Olimpica-scaled.jpg?resize=1536%2C1023&amp;ssl=1 1536w, https:\/\/i0.wp.com\/tarahumaras.praxis.pro.br\/wp-content\/uploads\/2023\/01\/Tocha-Olimpica-scaled.jpg?resize=2048%2C1364&amp;ssl=1 2048w, https:\/\/i0.wp.com\/tarahumaras.praxis.pro.br\/wp-content\/uploads\/2023\/01\/Tocha-Olimpica-scaled.jpg?w=2340&amp;ssl=1 2340w\" sizes=\"auto, (max-width: 780px) 100vw, 780px\" \/> <img data-recalc-dims=\"1\" loading=\"lazy\" decoding=\"async\" class=\"alignnone size-large wp-image-44\" src=\"https:\/\/i0.wp.com\/tarahumaras.praxis.pro.br\/wp-content\/uploads\/2023\/01\/Tocha-Olimpica-1.jpg?resize=780%2C858&#038;ssl=1\" alt=\"\" width=\"780\" height=\"858\" srcset=\"https:\/\/i0.wp.com\/tarahumaras.praxis.pro.br\/wp-content\/uploads\/2023\/01\/Tocha-Olimpica-1-scaled.jpg?resize=931%2C1024&amp;ssl=1 931w, https:\/\/i0.wp.com\/tarahumaras.praxis.pro.br\/wp-content\/uploads\/2023\/01\/Tocha-Olimpica-1-scaled.jpg?resize=273%2C300&amp;ssl=1 273w, https:\/\/i0.wp.com\/tarahumaras.praxis.pro.br\/wp-content\/uploads\/2023\/01\/Tocha-Olimpica-1-scaled.jpg?resize=768%2C844&amp;ssl=1 768w, https:\/\/i0.wp.com\/tarahumaras.praxis.pro.br\/wp-content\/uploads\/2023\/01\/Tocha-Olimpica-1-scaled.jpg?resize=1397%2C1536&amp;ssl=1 1397w, https:\/\/i0.wp.com\/tarahumaras.praxis.pro.br\/wp-content\/uploads\/2023\/01\/Tocha-Olimpica-1-scaled.jpg?resize=1863%2C2048&amp;ssl=1 1863w, https:\/\/i0.wp.com\/tarahumaras.praxis.pro.br\/wp-content\/uploads\/2023\/01\/Tocha-Olimpica-1-scaled.jpg?w=1560&amp;ssl=1 1560w\" sizes=\"auto, (max-width: 780px) 100vw, 780px\" \/><\/p>\n","protected":false},"excerpt":{"rendered":"<p>Texto e Encena\u00e7\u00e3o: Wilson Co\u00ealho. Sinopse:\u00a0Cr\u00edtica ao comportamento competitivo de uma sociedade capitalista, tendo como pano de fundo a mentalidade dominante embasada na f\u00e9 crist\u00e3 imposta pelos colonizadores. Mostra o homem putrefato e deformado pelo h\u00e1bito adquirido na sociedade, onde o sujeito tem por princ\u00edpio \u201cvencer na vida\u201d a qualquer custo como se a \u00fanica <a class=\"more-link\" href=\"https:\/\/tarahumaras.praxis.pro.br\/index.php\/a-tocha-olimpica-1990\/\">Leia mais&#8230; &raquo;<\/a><\/p>\n","protected":false},"author":1,"featured_media":0,"parent":0,"menu_order":0,"comment_status":"closed","ping_status":"closed","template":"","meta":{"footnotes":""},"class_list":["post-42","page","type-page","status-publish","hentry"],"jetpack_sharing_enabled":true,"_links":{"self":[{"href":"https:\/\/tarahumaras.praxis.pro.br\/index.php\/wp-json\/wp\/v2\/pages\/42","targetHints":{"allow":["GET"]}}],"collection":[{"href":"https:\/\/tarahumaras.praxis.pro.br\/index.php\/wp-json\/wp\/v2\/pages"}],"about":[{"href":"https:\/\/tarahumaras.praxis.pro.br\/index.php\/wp-json\/wp\/v2\/types\/page"}],"author":[{"embeddable":true,"href":"https:\/\/tarahumaras.praxis.pro.br\/index.php\/wp-json\/wp\/v2\/users\/1"}],"replies":[{"embeddable":true,"href":"https:\/\/tarahumaras.praxis.pro.br\/index.php\/wp-json\/wp\/v2\/comments?post=42"}],"version-history":[{"count":2,"href":"https:\/\/tarahumaras.praxis.pro.br\/index.php\/wp-json\/wp\/v2\/pages\/42\/revisions"}],"predecessor-version":[{"id":283,"href":"https:\/\/tarahumaras.praxis.pro.br\/index.php\/wp-json\/wp\/v2\/pages\/42\/revisions\/283"}],"wp:attachment":[{"href":"https:\/\/tarahumaras.praxis.pro.br\/index.php\/wp-json\/wp\/v2\/media?parent=42"}],"curies":[{"name":"wp","href":"https:\/\/api.w.org\/{rel}","templated":true}]}}