{"id":111,"date":"2023-01-31T15:01:46","date_gmt":"2023-01-31T18:01:46","guid":{"rendered":"https:\/\/tarahumaras.praxis.pro.br\/?page_id=111"},"modified":"2023-02-01T10:45:56","modified_gmt":"2023-02-01T13:45:56","slug":"carta-de-amor-como-um-suplicio-chines-2014","status":"publish","type":"page","link":"https:\/\/tarahumaras.praxis.pro.br\/index.php\/carta-de-amor-como-um-suplicio-chines-2014\/","title":{"rendered":"CARTA DE AMOR \u2013 Como um supl\u00edcio chin\u00eas (2014)"},"content":{"rendered":"<p style=\"font-weight: 400;\"><strong>Texto: Fernando Arrabal &#8211; <\/strong><strong>Tradu\u00e7\u00e3o e Encena\u00e7\u00e3o: <span style=\"font-size: 12pt;\"><a href=\"https:\/\/wilsoncoelho.praxis.pro.br\/\">Wilson Co\u00ealho<\/a><\/span>.<\/strong><\/p>\n<p style=\"font-weight: 400;\"><strong>Sinopse:<\/strong>\u00a0Em Carta de amor (\u201cComo um supl\u00edcio chin\u00eas\u201d), uma m\u00e3e recebe uma carta de seu filho, de quem nada sabe, no dia de seu anivers\u00e1rio. Estabelece-se um mon\u00f3logo interior da m\u00e3e a partir de recorda\u00e7\u00f5es do tempo em que sua rela\u00e7\u00e3o com o filho era id\u00edlica. Mas os conflitos b\u00e9licos e suas consequ\u00eancias fizeram desse amor em verdadeiro \u201csupl\u00edcio chin\u00eas\u201d. Arrabal transcende a mera anedota e coloca em quest\u00e3o a crueldade e a pen\u00faria da Guerra Civil Espanhola<\/p>\n<p><img data-recalc-dims=\"1\" loading=\"lazy\" decoding=\"async\" class=\"alignnone size-large wp-image-112\" src=\"https:\/\/i0.wp.com\/tarahumaras.praxis.pro.br\/wp-content\/uploads\/2023\/01\/SAM_2197.jpg?resize=780%2C585&#038;ssl=1\" alt=\"\" width=\"780\" height=\"585\" srcset=\"https:\/\/i0.wp.com\/tarahumaras.praxis.pro.br\/wp-content\/uploads\/2023\/01\/SAM_2197-scaled.jpg?resize=1024%2C768&amp;ssl=1 1024w, https:\/\/i0.wp.com\/tarahumaras.praxis.pro.br\/wp-content\/uploads\/2023\/01\/SAM_2197-scaled.jpg?resize=300%2C225&amp;ssl=1 300w, https:\/\/i0.wp.com\/tarahumaras.praxis.pro.br\/wp-content\/uploads\/2023\/01\/SAM_2197-scaled.jpg?resize=768%2C576&amp;ssl=1 768w, https:\/\/i0.wp.com\/tarahumaras.praxis.pro.br\/wp-content\/uploads\/2023\/01\/SAM_2197-scaled.jpg?resize=1536%2C1152&amp;ssl=1 1536w, https:\/\/i0.wp.com\/tarahumaras.praxis.pro.br\/wp-content\/uploads\/2023\/01\/SAM_2197-scaled.jpg?resize=2048%2C1536&amp;ssl=1 2048w, https:\/\/i0.wp.com\/tarahumaras.praxis.pro.br\/wp-content\/uploads\/2023\/01\/SAM_2197-scaled.jpg?w=2340&amp;ssl=1 2340w\" sizes=\"auto, (max-width: 780px) 100vw, 780px\" \/> <img data-recalc-dims=\"1\" loading=\"lazy\" decoding=\"async\" class=\"alignnone size-large wp-image-113\" src=\"https:\/\/i0.wp.com\/tarahumaras.praxis.pro.br\/wp-content\/uploads\/2023\/01\/SAM_2222.jpg?resize=780%2C585&#038;ssl=1\" alt=\"\" width=\"780\" height=\"585\" srcset=\"https:\/\/i0.wp.com\/tarahumaras.praxis.pro.br\/wp-content\/uploads\/2023\/01\/SAM_2222-scaled.jpg?resize=1024%2C768&amp;ssl=1 1024w, https:\/\/i0.wp.com\/tarahumaras.praxis.pro.br\/wp-content\/uploads\/2023\/01\/SAM_2222-scaled.jpg?resize=300%2C225&amp;ssl=1 300w, https:\/\/i0.wp.com\/tarahumaras.praxis.pro.br\/wp-content\/uploads\/2023\/01\/SAM_2222-scaled.jpg?resize=768%2C576&amp;ssl=1 768w, https:\/\/i0.wp.com\/tarahumaras.praxis.pro.br\/wp-content\/uploads\/2023\/01\/SAM_2222-scaled.jpg?resize=1536%2C1152&amp;ssl=1 1536w, https:\/\/i0.wp.com\/tarahumaras.praxis.pro.br\/wp-content\/uploads\/2023\/01\/SAM_2222-scaled.jpg?resize=2048%2C1536&amp;ssl=1 2048w, https:\/\/i0.wp.com\/tarahumaras.praxis.pro.br\/wp-content\/uploads\/2023\/01\/SAM_2222-scaled.jpg?w=2340&amp;ssl=1 2340w\" sizes=\"auto, (max-width: 780px) 100vw, 780px\" \/><\/p>\n","protected":false},"excerpt":{"rendered":"<p>Texto: Fernando Arrabal &#8211; Tradu\u00e7\u00e3o e Encena\u00e7\u00e3o: Wilson Co\u00ealho. Sinopse:\u00a0Em Carta de amor (\u201cComo um supl\u00edcio chin\u00eas\u201d), uma m\u00e3e recebe uma carta de seu filho, de quem nada sabe, no dia de seu anivers\u00e1rio. Estabelece-se um mon\u00f3logo interior da m\u00e3e a partir de recorda\u00e7\u00f5es do tempo em que sua rela\u00e7\u00e3o com o filho era id\u00edlica. <a class=\"more-link\" href=\"https:\/\/tarahumaras.praxis.pro.br\/index.php\/carta-de-amor-como-um-suplicio-chines-2014\/\">Leia mais&#8230; &raquo;<\/a><\/p>\n","protected":false},"author":1,"featured_media":0,"parent":0,"menu_order":0,"comment_status":"closed","ping_status":"closed","template":"","meta":{"footnotes":""},"class_list":["post-111","page","type-page","status-publish","hentry"],"jetpack_sharing_enabled":true,"_links":{"self":[{"href":"https:\/\/tarahumaras.praxis.pro.br\/index.php\/wp-json\/wp\/v2\/pages\/111","targetHints":{"allow":["GET"]}}],"collection":[{"href":"https:\/\/tarahumaras.praxis.pro.br\/index.php\/wp-json\/wp\/v2\/pages"}],"about":[{"href":"https:\/\/tarahumaras.praxis.pro.br\/index.php\/wp-json\/wp\/v2\/types\/page"}],"author":[{"embeddable":true,"href":"https:\/\/tarahumaras.praxis.pro.br\/index.php\/wp-json\/wp\/v2\/users\/1"}],"replies":[{"embeddable":true,"href":"https:\/\/tarahumaras.praxis.pro.br\/index.php\/wp-json\/wp\/v2\/comments?post=111"}],"version-history":[{"count":3,"href":"https:\/\/tarahumaras.praxis.pro.br\/index.php\/wp-json\/wp\/v2\/pages\/111\/revisions"}],"predecessor-version":[{"id":270,"href":"https:\/\/tarahumaras.praxis.pro.br\/index.php\/wp-json\/wp\/v2\/pages\/111\/revisions\/270"}],"wp:attachment":[{"href":"https:\/\/tarahumaras.praxis.pro.br\/index.php\/wp-json\/wp\/v2\/media?parent=111"}],"curies":[{"name":"wp","href":"https:\/\/api.w.org\/{rel}","templated":true}]}}